5?
-b01
What is -12323 (base 5) in base 10?
-963
-121002112 (base 3) to base 10
-11732
What is 1073 (base 8) in base 7?
1444
What is 10011 (base 2) in base 16?
13
Convert -33b (base 13) to base 15.
-272
What is -453 (base 8) in base 11?
-252
-a81 (base 12) to base 5
-22122
36265 (base 7) to base 12
553a
What is 24424 (base 5) in base 3?
2120001
Convert -117610 (base 8) to base 2.
-1001111110001000
Convert -311442 (base 7) to base 12.
-26a93
1650 (base 9) to base 4
103230
Convert -313154 (base 6) to base 14.
-9342
What is -32 (base 13) in base 5?
-131
What is 1670 (base 13) in base 2?
110011100110
Convert 113032 (base 5) to base 9.
5612
What is bad (base 15) in base 12?
163a
What is 101011001 (base 2) in base 15?
180
What is -1d9 (base 15) in base 14?
-229
Convert -72a (base 16) to base 5.
-24314
Convert -142233 (base 5) to base 8.
-13467
What is 552 (base 14) in base 11?
877
11001101 (base 4) to base 16
5051
What is 3570 (base 9) in base 13?
1293
What is 466 (base 8) in base 13?
1ab
2888b (base 13) to base 6
1344341
18e (base 15) to base 16
167
6b4 (base 13) to base 8
2211
Convert -478e (base 16) to base 12.
-a726
Convert 3a99 (base 15) to base 5.
400034
1111012 (base 3) to base 6
5005
What is 130010 (base 4) in base 12?
1058
What is 33e (base 15) in base 13?
446
What is -1100221220 (base 3) in base 2?
-110100100111111
What is -4122214 (base 5) in base 4?
-100121300
27c3 (base 15) to base 5
233013
Convert 133320 (base 5) to base 14.
1dc0
-4aa (base 13) to base 3
-1010020
What is 857 (base 13) in base 14?
73a
Convert -10110001010 (base 2) to base 3.
-1221112
What is -4300 (base 9) in base 11?
-2412
Convert -96a8 (base 13) to base 15.
-6300
What is 29b1 (base 13) in base 8?
13653
Convert 23ac (base 13) to base 4.
1032303
558a (base 12) to base 15
2c11
Convert 1210212 (base 3) to base 11.
a9a
What is -5a1 (base 16) in base 10?
-1441
Convert -13435 (base 6) to base 11.
-164a
Convert -23300 (base 4) to base 2.
-1011110000
What is 18c (base 14) in base 3?
102212
-21 (base 16) to base 3
-1020
10001110001 (base 2) to base 4
101301
-4e5 (base 16) to base 2
-10011100101
Convert -32a9 (base 13) to base 7.
-26415
277 (base 13) to base 14
232
46c7 (base 13) to base 3
111200002
Convert -1744 (base 8) to base 7.
-2622
What is 3334 (base 15) in base 11?
8173
482 (base 12) to base 9
828
What is -a485 (base 14) in base 6?
-335113
What is -250 (base 11) in base 12?
-209
a85 (base 15) to base 4
211013
-1078 (base 11) to base 16
-588
23011 (base 4) to base 13
427
-3e (base 15) to base 8
-73
Convert -17152 (base 12) to base 14.
-c07c
What is 1010010111100 (base 2) in base 4?
1102330
1000222 (base 3) to base 8
1363
What is 20 (base 4) in base 11?
8
Convert -46351 (base 7) to base 13.
-5512
What is 2012020102 (base 3) in base 14?
11a48
What is -1464 (base 7) in base 9?
-720
Convert -106646 (base 7) to base 2.
-100101011111001
221021222 (base 3) to base 13
8516
-986 (base 10) to base 7
-2606
-107704 (base 8) to base 10
-36804
Convert -12002020 (base 3) to base 8.
-7171
Convert 11001111000 (base 2) to base 11.
1276
201011 (base 4) to base 14
ab3
Convert -1666 (base 8) to base 7.
-2525
23220 (base 5) to base 13
9c8
Convert -42999 (base 11) to base 3.
-10011121222
105 (base 16) to base 9
320
1f83 (base 16) to base 7
32343
60275 (base 8) to base 15
7510
Convert -3145 (base 6) to base 3.
-222102
What is -10121 (base 6) in base 7?
-3631
-33112 (base 6) to base 4
-1013210
673 (base 11) to base 8
1446
-3700 (base 8) to base 9
-2644
Convert 15553 (base 13) to base 3.
2001111111
What is 2b3a (base 13) in base 8?
14236
Convert 337 (base 13) to base 3.
202111
Convert 1010001111010 (base 2) to base 3.
21012011
-474 (base 8) to base 3
-102201
Convert 292 (base 14) to base 12.
374
Convert 7684 (base 15) to base 3.
1021102121
2111020 (base 4) to base 16
2548
Convert -cb (base 15) to base 6.
-515
4429 (base 14) to base 3
121011221
Convert -1101011111001 (base 2) to base 10.
-6905
-10033 (base 6) to base 14
-6a1
122031 (base 4) to base 2
11010001101
What is 11137 (base 8) in base 14?
19dd
107a (base 12) to base 8
3436
257c (base 16) to base 6
112232
1023 (base 10) to base 16
3ff
Convert 6c34 (base 13) to base 8.
35625
What is 11110010010 (base 2) in base 14?
9c6
What is 1043 (base 6) in base 14?
135
What is 211 (base 16) in base 10?
529
What is 304414 (base 5) in base 10?
9984
What is 1ca6 (base 16) in base 6?
53542
Convert -66 (base 15) to base 2.
-1100000
-d72 (base 15) to base 10
-3032
1323 (base 8) to base 13
438
-47 (base 12) to base 3
-2001
What is -43a0 (base 12) in base 8?
-16450
What is 330033 (base 4) in base 15?
1220
What is -25604 (base 8) in base 3?
-120021121
12554 (base 9) to base 6
103121
-111b (base 16) to base 2
-1000100011011
What is 1010100110101 (base 2) in base 15?
191e
What is -a703 (base 11) in base 14?
-5236
What is -121032 (base 4) in base 15?
-729
What is -21bf (base 16) in base 9?
-12758
-123301 (base 6) to base 16
-2b75
-5308 (base 15) to base 6
-213142
What is -6041 (base 7) in base 12?
-125b
-1d5 (base 16) to base 12
-331
Convert -2b7 (base 12) to base 14.
-227
What is 111100011100100 (base 2) in base 8?
74344
What is -220443 (base 6) in base 11?
-12840
What is 31e (base 15) in base 3?
222002
-2652 (base 10) to base 3
-10122020
What is 200221 (base 3) in base 5?
4021
5456 (base 7) to base 13
b72
Convert 42684 (base 9) to base 12.
14434
What is -11222 (base 4) in base 11?
-2aa
What is 10330231 (base 4) in base 14?
755b
What is 1044 (base 8) in base 14?
2b2
213421 (base 5) to base 12
4315
Convert -9b86 (base 12) to base 6.
-211450
22223 (base 4) to base 14
36b
What is 55 (base 11) in base 6?
140
What is 1111000010101 (base 2) in base 3?
101120020
Convert -13605 (base 9) to base 10.
-9239
Convert -1add (base 16) to base 13.
-3190
-594 (base 10) to base 16
-252
Convert -8373 (base 9) to base 2.
-1011111111101
1541 (base 12) to base 4
213001
Convert -7a1 (base 15) to base 8.
-3276
Convert 11011011110010 (base 2) to base 8.
33362
Convert 1031013 (base 5) to base 7.
102260
-34477 (base 9) to base 8
-54721
Convert -1110111110 (base 2) to base 15.
-43d
-225 (base 13) to base 3
-111200
What is -7164 (base 8) in base 9?
-5061
What is 134a8 (base 16) in base 2?
10011010010101000
101011011001000 (base 2) to base 14
814c
Convert 1ba (base 12) to base 9.
347
Convert -49543 (base 10) to base 2.
-1100000110000111
Convert 47 (base 10) to base 16.
2f
-2074 (base 11) to base 2
-101010110111
What is 3c (base 13) in base 8?
63
What is 89b (base 12) in base 4?
103313
Convert -14146 (base 14) to base 2.
-1100000111110010
Convert 325 (base 13) to base 15.
25d
Convert 15220 (base 8) to base 9.
10285
-1283 (base 11) to base 12
-b68
What is 12323020 (base 4) in base 15?
860a
-720 (base 8) to base 5
-3324
What is 15144 (base 8) in base 16?
1a64
What is 1234512 (base 6) in base 5?
4122043
Convert -30333132 (base 4) to base 13.
-1b2b5
36165 (base 7) to base 16
248d
Convert 1087 (base 10) to base 15.
4c7
Convert 54124 (base 6) to base 4.
1303210
Convert -1010343 (base 5) to base 10.
-16348
Convert 13aa (base 12) to base 10.
2290
1011432 (base 5) to base 4
10001230
What is -499 (base 11) in base 3?
-210221
Convert 324 (base 8) to base 9.
255
Convert 143 (base 10) to base 15.
98
What is -c20 (base 16) in base 4?
-300200
1232 (base 7) to base 13
299
688 (base 15) to base 2
10111000110
Convert 30250 (base 7) to base 2.
1110010101000
-2210020 (base 3) to base 6
-13223
What is 34301 (base 5) in base 8?
4623
What is -12040 (base 5) in base 7?
-2416
What is 1321102 (base 4) in base 15?
2477
Convert 2652 (base 8) to base 11.
10a9
What is 132a (base 11) in base 15?
7a1
20771 (base 8) to base 3
102221010
Convert 1028 (base 12) to base 15.
7c5
Convert -278 (base 12) to base 10.
-380
Convert 24326 (base 9) to base 12.
9529
Convert -1b8 (base 16) to base 5.
-3230
What is 13041 (base 5) in base 9?
1354
What is -8 (base 13) in base 4?
-20
b2af (base 16) to base 11
31405
-21310 (base 4) to base 2
-1001110100
Convert -11100110000010 (base 2) to base 3.
-202012021
What is 3a5 (base 11) in base 2?
111011110
Convert -10110 (base 6) to base 2.
-10100111010
What is -21 (base 13) in base 11?
-25
What is -18d (base 16) in base 13?
-247
Convert -21b (base 15) to base 5.
-3401
Convert -1213 (base 6) to base 